{"id":9550,"date":"2025-07-02T15:05:01","date_gmt":"2025-07-02T10:05:01","guid":{"rendered":"https:\/\/ambashgabat.esteri.it\/servizi-consolari-e-visti\/servizi-per-il-cittadino-straniero\/acquisto-della-cittadinanza-di-figli-minori-conviventi-con-genitore-non-cittadino-dalla-nascita\/"},"modified":"2026-03-11T13:58:15","modified_gmt":"2026-03-11T08:58:15","slug":"acquisto-della-cittadinanza-di-figli-minori-conviventi-con-genitore-non-cittadino-dalla-nascita","status":"publish","type":"page","link":"https:\/\/ambashgabat.esteri.it\/tk\/servizi-consolari-e-visti\/servizi-per-il-cittadino-straniero\/acquisto-della-cittadinanza-di-figli-minori-conviventi-con-genitore-non-cittadino-dalla-nascita\/","title":{"rendered":"Doglan g\u00fcn\u00fcnden b\u00e4ri ra\u00fdat bolmadyk ene-atasy bilen \u00fda\u015fa\u00fdan k\u00e4millik \u00fda\u015fyna \u00fdetmedik \u00e7agalar \u00fc\u00e7in ra\u00fdatlyk almak"},"content":{"rendered":"<p data-start=\"3417\" data-end=\"3907\">1992-nji \u00fdyly\u0148 91-nji belgili kanunyny\u0148 14-nji maddasy, 2025-nji \u00fdyly\u0148 36-njy kararnamasy bilen t\u00e4ze g\u00f6rn\u00fc\u015fde kabul edilip, 74\/2025 belgili kanuna \u00f6wr\u00fclen g\u00f6rn\u00fc\u015finde, \u015fe\u00fdle \u00fdagda\u00fdda ra\u00fdatlyk almak \u00fc\u00e7in ulanyl\u00fdar: Itali\u00fdany\u0148 ra\u00fdaty bolan, \u00fd\u00f6ne dogulanda ra\u00fdatlyk almadyk ene-atalary\u0148 \u00e7agasy, ene-atasyny\u0148 ra\u00fdatlygyny ilkinji gezek \u00fda-da t\u00e4zeden al\u00fdan \u00fdagda\u00fdynda, i\u0148 azyndan yzygiderli iki \u00fdyl b\u00e4ri Itali\u00fdada kanuny \u00fda\u015fa\u00fd\u015fy bolmaly (eger \u00e7aga iki \u00fda\u015fdan ki\u00e7i bolsa, ol doglandan b\u00e4ri Itali\u00fdada \u00fda\u015fa\u00fdan bolmaly).<\/p>\n<p data-start=\"3909\" data-end=\"3934\">A\u00fdratynlykda bellenil\u00fd\u00e4r:<\/p>\n<ul data-start=\"3936\" data-end=\"4813\">\n<li data-start=\"3936\" data-end=\"4307\">\n<p data-start=\"3938\" data-end=\"4307\">Eger ra\u00fdatlygy\u0148 <em data-start=\"3954\" data-end=\"3975\">iure communicatione (ene-atadan \u00e7agany\u0148 ra\u00fdatlygy awtomatiki almagy) <\/em>\u00a0bo\u00fdun\u00e7a ykrar edilmegi \u00fc\u00e7in arzany\u0148 g\u00f6rn\u00fc\u015fi 1992-nji \u00fdyly\u0148 91-nji kanunyny\u0148 3-bis maddasyny\u0148 a), a-bis) \u00fda-da b) bendinde g\u00f6rkezilen kadadan \u00e7ykmalar bolsa (mysal \u00fc\u00e7in, administratiw \u00fda-da kazy\u00fdet arkaly arza 2025-nji \u00fdyly\u0148 27-nji martyndan \u00f6\u0148 tab\u015fyrylan bolsa \u00fda-da \u015fol sen\u00e4 \u00e7enli nobata \u00fdazylan bolsa), \u00f6\u0148ki d\u00fczg\u00fcnler ulanylar.<\/p>\n<\/li>\n<li data-start=\"4309\" data-end=\"4496\">\n<p data-start=\"4311\" data-end=\"4496\">Eger arza 2025-nji \u00fdyly\u0148 28-nji martyndan so\u0148 tab\u015fyrylan bolsa, ra\u00fdatlygy ge\u00e7ir\u00fd\u00e4n ene-ata di\u0148e Itali\u00fdany\u0148 ra\u00fdaty bolmaly \u00fda-da \u00e7agany\u0148 doglumagyndan \u00f6\u0148 Itali\u00fdada iki \u00fdyl \u00fda\u015fan bolmaly.<\/p>\n<\/li>\n<li data-start=\"4498\" data-end=\"4813\">\n<p data-start=\"4500\" data-end=\"4813\">Eger ene-ata 2025-nji \u00fdyly\u0148 24-nji ma\u00fdyndan ba\u015flap ra\u00fdatlygy ilkinji gezek \u00fda-da t\u00e4zeden al\u00fdan bolsa, ol bilen bile \u00fda\u015fa\u00fdan \u00e7aga ene-atasyny\u0148 ra\u00fdatlygy almazyndan \u00f6\u0148 iki \u00fdyl b\u00e4ri Itali\u00fdada \u00fda\u015fa\u00fdan bolmaly. Bu \u00fdagda\u00fdda ra\u00fdatlygy\u0148 \u00e7aga tarapyndan alynmagyny\u0148 tassyklanmasy degi\u015fli Itali\u00fda \u015f\u00e4her h\u00e4kimligini\u0148 ygty\u00fdaryndadyr.<\/p>\n<\/li>\n<\/ul>\n<p>&nbsp;<\/p>\n<p style=\"text-align: left;\" data-start=\"4815\" data-end=\"4847\"><em>T\u00e4zelenen senesi: 02\/07\/2025<\/em><\/p>\n","protected":false},"excerpt":{"rendered":"1992-nji \u00fdyly\u0148 91-nji belgili kanunyny\u0148 14-nji maddasy, 2025-nji \u00fdyly\u0148 36-njy kararnamasy bilen t\u00e4ze g\u00f6rn\u00fc\u015fde kabul edilip, 74\/2025 belgili kanuna \u00f6wr\u00fclen g\u00f6rn\u00fc\u015finde, \u015fe\u00fdle \u00fdagda\u00fdda ra\u00fdatlyk almak \u00fc\u00e7in ulanyl\u00fdar: Itali\u00fdany\u0148 ra\u00fdaty bolan, \u00fd\u00f6ne dogulanda ra\u00fdatlyk almadyk ene-atalary\u0148 \u00e7agasy, ene-atasyny\u0148 ra\u00fdatlygyny ilkinji gezek \u00fda-da t\u00e4zeden al\u00fdan \u00fdagda\u00fdynda, i\u0148 azyndan yzygiderli iki \u00fdyl b\u00e4ri Itali\u00fdada kanuny \u00fda\u015fa\u00fd\u015fy bolmaly (eger [&hellip;]","protected":false},"author":8,"featured_media":0,"parent":3848,"menu_order":20,"comment_status":"closed","ping_status":"closed","template":"","meta":{"footnotes":""},"class_list":["post-9550","page","type-page","status-publish","hentry"],"_links":{"self":[{"href":"https:\/\/ambashgabat.esteri.it\/tk\/wp-json\/wp\/v2\/pages\/9550","targetHints":{"allow":["GET"]}}],"collection":[{"href":"https:\/\/ambashgabat.esteri.it\/tk\/wp-json\/wp\/v2\/pages"}],"about":[{"href":"https:\/\/ambashgabat.esteri.it\/tk\/wp-json\/wp\/v2\/types\/page"}],"author":[{"embeddable":true,"href":"https:\/\/ambashgabat.esteri.it\/tk\/wp-json\/wp\/v2\/users\/8"}],"replies":[{"embeddable":true,"href":"https:\/\/ambashgabat.esteri.it\/tk\/wp-json\/wp\/v2\/comments?post=9550"}],"version-history":[{"count":4,"href":"https:\/\/ambashgabat.esteri.it\/tk\/wp-json\/wp\/v2\/pages\/9550\/revisions"}],"predecessor-version":[{"id":11409,"href":"https:\/\/ambashgabat.esteri.it\/tk\/wp-json\/wp\/v2\/pages\/9550\/revisions\/11409"}],"up":[{"embeddable":true,"href":"https:\/\/ambashgabat.esteri.it\/tk\/wp-json\/wp\/v2\/pages\/3848"}],"wp:attachment":[{"href":"https:\/\/ambashgabat.esteri.it\/tk\/wp-json\/wp\/v2\/media?parent=9550"}],"curies":[{"name":"wp","href":"https:\/\/api.w.org\/{rel}","templated":true}]}}

Doglan gününden bäri raýat bolmadyk ene-atasy bilen ýaşaýan kämillik ýaşyna ýetmedik çagalar üçin raýatlyk almak

<p data-start="3417" data-end="3907">1992-nji ýylyň 91-nji belgili kanunynyň 14-nji maddasy, 2025-nji ýylyň 36-njy kararnamasy bilen täze görnüşde kabul edilip, 74/2025 belgili kanuna öwrülen görnüşinde, şeýle ýagdaýda raýatlyk almak üçin ulanylýar: Italiýanyň raýaty bolan, ýöne dogulanda raýatlyk almadyk ene-atalaryň çagasy, ene-atasynyň raýatlygyny ilkinji gezek ýa-da täzeden alýan ýagdaýynda, iň azyndan yzygiderli iki ýyl bäri Italiýada kanuny ýaşaýşy bolmaly (eger çaga iki ýaşdan kiçi bolsa, ol doglandan bäri Italiýada ýaşaýan bolmaly).</p>
<p data-start="3909" data-end="3934">Aýratynlykda bellenilýär:</p>
<ul data-start="3936" data-end="4813">
<li data-start="3936" data-end="4307">
<p data-start="3938" data-end="4307">Eger raýatlygyň <em data-start="3954" data-end="3975">iure communicatione (ene-atadan çaganyň raýatlygy awtomatiki almagy) </em> boýunça ykrar edilmegi üçin arzanyň görnüşi 1992-nji ýylyň 91-nji kanunynyň 3-bis maddasynyň a), a-bis) ýa-da b) bendinde görkezilen kadadan çykmalar bolsa (mysal üçin, administratiw ýa-da kazyýet arkaly arza 2025-nji ýylyň 27-nji martyndan öň tabşyrylan bolsa ýa-da şol senä çenli nobata ýazylan bolsa), öňki düzgünler ulanylar.</p>
</li>
<li data-start="4309" data-end="4496">
<p data-start="4311" data-end="4496">Eger arza 2025-nji ýylyň 28-nji martyndan soň tabşyrylan bolsa, raýatlygy geçirýän ene-ata diňe Italiýanyň raýaty bolmaly ýa-da çaganyň doglumagyndan öň Italiýada iki ýyl ýaşan bolmaly.</p>
</li>
<li data-start="4498" data-end="4813">
<p data-start="4500" data-end="4813">Eger ene-ata 2025-nji ýylyň 24-nji maýyndan başlap raýatlygy ilkinji gezek ýa-da täzeden alýan bolsa, ol bilen bile ýaşaýan çaga ene-atasynyň raýatlygy almazyndan öň iki ýyl bäri Italiýada ýaşaýan bolmaly. Bu ýagdaýda raýatlygyň çaga tarapyndan alynmagynyň tassyklanmasy degişli Italiýa şäher häkimliginiň ygtyýaryndadyr.</p>
</li>
</ul>
<p>&nbsp;</p>
<p style="text-align: left;" data-start="4815" data-end="4847"><em>Täzelenen senesi: 02/07/2025</em></p>

1992-nji ýylyň 91-nji belgili kanunynyň 14-nji maddasy, 2025-nji ýylyň 36-njy kararnamasy bilen täze görnüşde kabul edilip, 74/2025 belgili kanuna öwrülen görnüşinde, şeýle ýagdaýda raýatlyk almak üçin ulanylýar: Italiýanyň raýaty bolan, ýöne dogulanda raýatlyk almadyk ene-atalaryň çagasy, ene-atasynyň raýatlygyny ilkinji gezek ýa-da täzeden alýan ýagdaýynda, iň azyndan yzygiderli iki ýyl bäri Italiýada kanuny ýaşaýşy bolmaly (eger [&hellip;]
