{"id":6369,"date":"2025-01-27T23:29:22","date_gmt":"2025-01-27T18:29:22","guid":{"rendered":"https:\/\/ambashgabat.esteri.it\/chi-siamo\/la-sede\/eventi-in-programmazione-nel-2024\/giornata-della-ricerca-italiana-nel-mondointelligenza-artificiale-e-apprendimento-delle-lingue-straniere\/"},"modified":"2025-03-17T13:35:51","modified_gmt":"2025-03-17T08:35:51","slug":"giornata-della-ricerca-italiana-nel-mondointelligenza-artificiale-e-apprendimento-delle-lingue-straniere","status":"publish","type":"page","link":"https:\/\/ambashgabat.esteri.it\/tk\/chi-siamo\/la-sede\/eventi-in-programmazione-nel-2024\/giornata-della-ricerca-italiana-nel-mondointelligenza-artificiale-e-apprendimento-delle-lingue-straniere\/","title":{"rendered":"D\u00fcn\u00fd\u00e4d\u00e4ki Ital\u00fdan g\u00f6zleg g\u00fcni: &#8220;Emeli akyl we da\u015fary \u00fdurt dilini \u00f6wrenmek&#8221;"},"content":{"rendered":"<p>&nbsp;<\/p>\n<p><img loading=\"lazy\" decoding=\"async\" class=\"img-fluid alignnone wp-image-4644 \" src=\"https:\/\/ambashgabat.esteri.it\/wp-content\/uploads\/2024\/04\/IMG-20240424-WA0003-e1714108565841-1024x858.jpg\" alt=\"\" width=\"419\" height=\"351\" srcset=\"https:\/\/ambashgabat.esteri.it\/wp-content\/uploads\/2024\/04\/IMG-20240424-WA0003-e1714108565841-1024x858.jpg 1024w, https:\/\/ambashgabat.esteri.it\/wp-content\/uploads\/2024\/04\/IMG-20240424-WA0003-e1714108565841-300x251.jpg 300w, https:\/\/ambashgabat.esteri.it\/wp-content\/uploads\/2024\/04\/IMG-20240424-WA0003-e1714108565841-768x643.jpg 768w, https:\/\/ambashgabat.esteri.it\/wp-content\/uploads\/2024\/04\/IMG-20240424-WA0003-e1714108565841.jpg 1280w\" sizes=\"auto, (max-width: 419px) 100vw, 419px\" \/><\/p>\n<p>2024 nji \u00fdylda A\u015fgabatda ilkinji gezek Itali\u00fdany\u0148 B\u00fctind\u00fcn\u00fd\u00e4 g\u00f6zleg g\u00fcn\u00fcni\u0148 \u00fdedinci ne\u015firinde \u00e7\u00e4reler myhmanlar bilen \u00fd\u00fczbe-\u00fd\u00fcz ge\u00e7irildi. Du\u015fu\u015fyklary\u0148 esasy mowzugy &#8220;Emeli akyl we da\u015fary \u00fdurt dilini \u00f6wrenmek&#8221; bolup has k\u00f6p Ital\u00fdan dilini \u00f6wrenilmegine a\u00fdratyn \u00fcns berildi.<\/p>\n<p>Peruji\u00fdany\u0148 Da\u015fary \u00fdurt uniwersitetini\u0148 professory Letizia \u00c7inganotto we Doktor Fran\u00e7esko Lampone, Halkara Ynsanperwer Ylymlary we \u00d6s\u00fc\u015f Uniwersitetinde , Magtymguly adyndaky T\u00fcrkmen D\u00f6wlet Uniwersitetinde we Azady adyndaky Da\u015fary Diller Institutynda jemi d\u00f6rt konferensi\u00fda ge\u00e7irdiler we bu \u00e7\u00e4relerde \u00fc\u00e7 \u00fd\u00fczden gowrak talyp, mugallym hem-de \u00fderli alymlar gatna\u015fdylar.<\/p>\n<p><span class=\"jCAhz JpY6Fd\"><span class=\"ryNqvb\">Jemle\u00fdji konferensi\u00fda bolsa \u00fdurdu\u0148 i\u0148 d\u00f6wrebap hususy k\u00e4rhanalary\u0148 biri bolan &#8216;I\u015f nokady&#8217; koworking merkezinde ge\u00e7irildi.<\/span><\/span> <span class=\"jCAhz JpY6Fd\"><span class=\"ryNqvb\">Bu \u00fderde bilim pudagynda, esasanam ital\u00fdan dilini \u00f6wrenmek we k\u00e4mille\u015fdirmek \u00fc\u00e7in emeli akyly\u0148 potensialy \u00f6wrenildi.<\/span><\/span><\/p>\n<p>Bu \u00e7\u00e4reler, g\u00f6zleg\u00e7iler we talyplar \u00fc\u00e7in hereket mehanizmlerini go\u015fmak bilen Itali\u00fda bilen T\u00fcrkmenistany\u0148 arasyndaky akademiki we ylmy hyzmatda\u015flygy g\u00fc\u00fd\u00e7lendirdi.<\/p>\n<p>&nbsp;<\/p>\n<p><img loading=\"lazy\" decoding=\"async\" class=\"img-fluid wp-image-4943 \" src=\"https:\/\/ambashgabat.esteri.it\/wp-content\/uploads\/2025\/02\/IMG_2746-846x1024.jpeg\" alt=\"\" width=\"248\" height=\"300\" srcset=\"https:\/\/ambashgabat.esteri.it\/wp-content\/uploads\/2025\/02\/IMG_2746-846x1024.jpeg 846w, https:\/\/ambashgabat.esteri.it\/wp-content\/uploads\/2025\/02\/IMG_2746-248x300.jpeg 248w, https:\/\/ambashgabat.esteri.it\/wp-content\/uploads\/2025\/02\/IMG_2746-768x930.jpeg 768w, https:\/\/ambashgabat.esteri.it\/wp-content\/uploads\/2025\/02\/IMG_2746.jpeg 1179w\" sizes=\"auto, (max-width: 248px) 100vw, 248px\" \/>\u00a0 \u00a0 <img loading=\"lazy\" decoding=\"async\" class=\" img-fluid alignnone wp-image-4955 \" src=\"https:\/\/ambashgabat.esteri.it\/wp-content\/uploads\/2025\/02\/IMG_2747-964x1024.jpeg\" alt=\"\" width=\"283\" height=\"300\" srcset=\"https:\/\/ambashgabat.esteri.it\/wp-content\/uploads\/2025\/02\/IMG_2747-964x1024.jpeg 964w, https:\/\/ambashgabat.esteri.it\/wp-content\/uploads\/2025\/02\/IMG_2747-282x300.jpeg 282w, https:\/\/ambashgabat.esteri.it\/wp-content\/uploads\/2025\/02\/IMG_2747-768x816.jpeg 768w, https:\/\/ambashgabat.esteri.it\/wp-content\/uploads\/2025\/02\/IMG_2747.jpeg 1179w\" sizes=\"auto, (max-width: 283px) 100vw, 283px\" \/><\/p>\n<p>&nbsp;<\/p>\n<p>&nbsp;<\/p>\n<p>&nbsp;<\/p>\n<p>&nbsp;<\/p>\n<p>&nbsp;<\/p>\n<p>&nbsp;<\/p>\n<p>&nbsp;<\/p>\n","protected":false},"excerpt":{"rendered":"&nbsp; 2024 nji \u00fdylda A\u015fgabatda ilkinji gezek Itali\u00fdany\u0148 B\u00fctind\u00fcn\u00fd\u00e4 g\u00f6zleg g\u00fcn\u00fcni\u0148 \u00fdedinci ne\u015firinde \u00e7\u00e4reler myhmanlar bilen \u00fd\u00fczbe-\u00fd\u00fcz ge\u00e7irildi. Du\u015fu\u015fyklary\u0148 esasy mowzugy &#8220;Emeli akyl we da\u015fary \u00fdurt dilini \u00f6wrenmek&#8221; bolup has k\u00f6p Ital\u00fdan dilini \u00f6wrenilmegine a\u00fdratyn \u00fcns berildi. Peruji\u00fdany\u0148 Da\u015fary \u00fdurt uniwersitetini\u0148 professory Letizia \u00c7inganotto we Doktor Fran\u00e7esko Lampone, Halkara Ynsanperwer Ylymlary we \u00d6s\u00fc\u015f Uniwersitetinde , [&hellip;]","protected":false},"author":6,"featured_media":0,"parent":6077,"menu_order":0,"comment_status":"closed","ping_status":"closed","template":"","meta":{"footnotes":""},"class_list":["post-6369","page","type-page","status-publish","hentry"],"_links":{"self":[{"href":"https:\/\/ambashgabat.esteri.it\/tk\/wp-json\/wp\/v2\/pages\/6369","targetHints":{"allow":["GET"]}}],"collection":[{"href":"https:\/\/ambashgabat.esteri.it\/tk\/wp-json\/wp\/v2\/pages"}],"about":[{"href":"https:\/\/ambashgabat.esteri.it\/tk\/wp-json\/wp\/v2\/types\/page"}],"author":[{"embeddable":true,"href":"https:\/\/ambashgabat.esteri.it\/tk\/wp-json\/wp\/v2\/users\/6"}],"replies":[{"embeddable":true,"href":"https:\/\/ambashgabat.esteri.it\/tk\/wp-json\/wp\/v2\/comments?post=6369"}],"version-history":[{"count":2,"href":"https:\/\/ambashgabat.esteri.it\/tk\/wp-json\/wp\/v2\/pages\/6369\/revisions"}],"predecessor-version":[{"id":6371,"href":"https:\/\/ambashgabat.esteri.it\/tk\/wp-json\/wp\/v2\/pages\/6369\/revisions\/6371"}],"up":[{"embeddable":true,"href":"https:\/\/ambashgabat.esteri.it\/tk\/wp-json\/wp\/v2\/pages\/6077"}],"wp:attachment":[{"href":"https:\/\/ambashgabat.esteri.it\/tk\/wp-json\/wp\/v2\/media?parent=6369"}],"curies":[{"name":"wp","href":"https:\/\/api.w.org\/{rel}","templated":true}]}}

Dünýädäki Italýan gözleg güni: &#8220;Emeli akyl we daşary ýurt dilini öwrenmek&#8221;

<p>&nbsp;</p>
<p><img loading="lazy" decoding="async" class="img-fluid alignnone wp-image-4644 " src="https://ambashgabat.esteri.it/wp-content/uploads/2024/04/IMG-20240424-WA0003-e1714108565841-1024x858.jpg" alt="" width="419" height="351" srcset="https://ambashgabat.esteri.it/wp-content/uploads/2024/04/IMG-20240424-WA0003-e1714108565841-1024x858.jpg 1024w, https://ambashgabat.esteri.it/wp-content/uploads/2024/04/IMG-20240424-WA0003-e1714108565841-300x251.jpg 300w, https://ambashgabat.esteri.it/wp-content/uploads/2024/04/IMG-20240424-WA0003-e1714108565841-768x643.jpg 768w, https://ambashgabat.esteri.it/wp-content/uploads/2024/04/IMG-20240424-WA0003-e1714108565841.jpg 1280w" sizes="auto, (max-width: 419px) 100vw, 419px" /></p>
<p>2024 nji ýylda Aşgabatda ilkinji gezek Italiýanyň Bütindünýä gözleg gününiň ýedinci neşirinde çäreler myhmanlar bilen ýüzbe-ýüz geçirildi. Duşuşyklaryň esasy mowzugy &#8220;Emeli akyl we daşary ýurt dilini öwrenmek&#8221; bolup has köp Italýan dilini öwrenilmegine aýratyn üns berildi.</p>
<p>Perujiýanyň Daşary ýurt uniwersitetiniň professory Letizia Çinganotto we Doktor Françesko Lampone, Halkara Ynsanperwer Ylymlary we Ösüş Uniwersitetinde , Magtymguly adyndaky Türkmen Döwlet Uniwersitetinde we Azady adyndaky Daşary Diller Institutynda jemi dört konferensiýa geçirdiler we bu çärelerde üç ýüzden gowrak talyp, mugallym hem-de ýerli alymlar gatnaşdylar.</p>
<p><span class="jCAhz JpY6Fd"><span class="ryNqvb">Jemleýji konferensiýa bolsa ýurduň iň döwrebap hususy kärhanalaryň biri bolan &#8216;Iş nokady&#8217; koworking merkezinde geçirildi.</span></span> <span class="jCAhz JpY6Fd"><span class="ryNqvb">Bu ýerde bilim pudagynda, esasanam italýan dilini öwrenmek we kämilleşdirmek üçin emeli akylyň potensialy öwrenildi.</span></span></p>
<p>Bu çäreler, gözlegçiler we talyplar üçin hereket mehanizmlerini goşmak bilen Italiýa bilen Türkmenistanyň arasyndaky akademiki we ylmy hyzmatdaşlygy güýçlendirdi.</p>
<p>&nbsp;</p>
<p><img loading="lazy" decoding="async" class="img-fluid wp-image-4943 " src="https://ambashgabat.esteri.it/wp-content/uploads/2025/02/IMG_2746-846x1024.jpeg" alt="" width="248" height="300" srcset="https://ambashgabat.esteri.it/wp-content/uploads/2025/02/IMG_2746-846x1024.jpeg 846w, https://ambashgabat.esteri.it/wp-content/uploads/2025/02/IMG_2746-248x300.jpeg 248w, https://ambashgabat.esteri.it/wp-content/uploads/2025/02/IMG_2746-768x930.jpeg 768w, https://ambashgabat.esteri.it/wp-content/uploads/2025/02/IMG_2746.jpeg 1179w" sizes="auto, (max-width: 248px) 100vw, 248px" />    <img loading="lazy" decoding="async" class=" img-fluid alignnone wp-image-4955 " src="https://ambashgabat.esteri.it/wp-content/uploads/2025/02/IMG_2747-964x1024.jpeg" alt="" width="283" height="300" srcset="https://ambashgabat.esteri.it/wp-content/uploads/2025/02/IMG_2747-964x1024.jpeg 964w, https://ambashgabat.esteri.it/wp-content/uploads/2025/02/IMG_2747-282x300.jpeg 282w, https://ambashgabat.esteri.it/wp-content/uploads/2025/02/IMG_2747-768x816.jpeg 768w, https://ambashgabat.esteri.it/wp-content/uploads/2025/02/IMG_2747.jpeg 1179w" sizes="auto, (max-width: 283px) 100vw, 283px" /></p>
<p>&nbsp;</p>
<p>&nbsp;</p>
<p>&nbsp;</p>
<p>&nbsp;</p>
<p>&nbsp;</p>
<p>&nbsp;</p>
<p>&nbsp;</p>

&nbsp; 2024 nji ýylda Aşgabatda ilkinji gezek Italiýanyň Bütindünýä gözleg gününiň ýedinci neşirinde çäreler myhmanlar bilen ýüzbe-ýüz geçirildi. Duşuşyklaryň esasy mowzugy &#8220;Emeli akyl we daşary ýurt dilini öwrenmek&#8221; bolup has köp Italýan dilini öwrenilmegine aýratyn üns berildi. Perujiýanyň Daşary ýurt uniwersitetiniň professory Letizia Çinganotto we Doktor Françesko Lampone, Halkara Ynsanperwer Ylymlary we Ösüş Uniwersitetinde , [&hellip;]
