{"id":6343,"date":"2025-01-27T23:31:31","date_gmt":"2025-01-27T18:31:31","guid":{"rendered":"https:\/\/ambashgabat.esteri.it\/?page_id=6343"},"modified":"2025-03-17T11:20:05","modified_gmt":"2025-03-17T06:20:05","slug":"6343-2","status":"publish","type":"page","link":"https:\/\/ambashgabat.esteri.it\/tk\/chi-siamo\/la-sede\/eventi-in-programmazione-nel-2024\/6343-2\/","title":{"rendered":"&#8220;Izzat Kli\u00e7ew we Itali\u00fda&#8221; sergisini\u0148 a\u00e7yly\u015f dabarasy"},"content":{"rendered":"<p>&nbsp;<\/p>\n<p><img loading=\"lazy\" decoding=\"async\" class=\"alignnone\" src=\"https:\/\/ambashgabat.esteri.it\/wp-content\/uploads\/2024\/05\/IMG-20240527-WA0004-1024x1024.jpg\" alt=\"\" width=\"408\" height=\"408\" \/><\/p>\n<p>Itali\u00fdany\u0148 T\u00fcrkmenistanda il\u00e7ihanasyny\u0148 a\u00e7ylmagyny\u0148 10 \u00fdyllygyny bellemek \u00fc\u00e7in 22-nji ma\u00fdda A\u015fgabatdaky Milli \u015fekillendiri\u015f sungaty muze\u00fdinde &#8220;Izzat Kly\u00e7ew we Itali\u00fda&#8221; sergisi a\u00e7yldy.<\/p>\n<p><span class=\"jCAhz ChMk0b\"><span class=\"ryNqvb\">Sergi Maestro Kli\u00e7ewi\u0148 (1923-nji \u00fdyly\u0148 10-njy okt\u00fdabry &#8211; 2006-njy \u00fdyly\u0148 12-nji \u00fdanwary) Itali\u00fdada i\u015fl\u00e4n d\u00f6wr\u00fcne bagy\u015flan\u00fdar.\u00a0<\/span><\/span><\/p>\n<p>Izzat Kly\u00e7ev, halkara me\u015fhur suratke\u015f, 1964 we 1972-nji \u00fdyllarda Wenesi\u00fda Biennalesine gatna\u015fmaga \u00e7agyryldy. 1960-njy we 1970-nji \u00fdyllarda Itali\u00fda saparynda d\u00f6redilen eserleri, Itali\u00fdany\u0148 binag\u00e4rligini we tebigatyny\u0148 g\u00f6zelligini we be\u00fdikligini be\u00fdan edip, Itali\u00fda bilen T\u00fcrkmenistan arasyndaky medeni aly\u015f-\u00e7aly\u015fyklary g\u00f6rkez\u00fd\u00e4r.<\/p>\n<p>&nbsp;<\/p>\n<p><img loading=\"lazy\" decoding=\"async\" class=\"\" src=\"https:\/\/ambashgabat.esteri.it\/wp-content\/uploads\/2024\/05\/IMG-20240527-WA0000-768x1024.jpg\" width=\"307\" height=\"409\" \/><img loading=\"lazy\" decoding=\"async\" class=\"\" src=\"https:\/\/ambashgabat.esteri.it\/wp-content\/uploads\/2024\/05\/IMG-20240527-WA0003-768x1024.jpg\" width=\"307\" height=\"409\" \/><\/p>\n<p>&nbsp;<\/p>\n<p>&nbsp;<\/p>\n<p>&nbsp;<\/p>\n<p>&nbsp;<\/p>\n","protected":false},"excerpt":{"rendered":"&nbsp; Itali\u00fdany\u0148 T\u00fcrkmenistanda il\u00e7ihanasyny\u0148 a\u00e7ylmagyny\u0148 10 \u00fdyllygyny bellemek \u00fc\u00e7in 22-nji ma\u00fdda A\u015fgabatdaky Milli \u015fekillendiri\u015f sungaty muze\u00fdinde &#8220;Izzat Kly\u00e7ew we Itali\u00fda&#8221; sergisi a\u00e7yldy. Sergi Maestro Kli\u00e7ewi\u0148 (1923-nji \u00fdyly\u0148 10-njy okt\u00fdabry &#8211; 2006-njy \u00fdyly\u0148 12-nji \u00fdanwary) Itali\u00fdada i\u015fl\u00e4n d\u00f6wr\u00fcne bagy\u015flan\u00fdar.\u00a0 Izzat Kly\u00e7ev, halkara me\u015fhur suratke\u015f, 1964 we 1972-nji \u00fdyllarda Wenesi\u00fda Biennalesine gatna\u015fmaga \u00e7agyryldy. 1960-njy we 1970-nji \u00fdyllarda [&hellip;]","protected":false},"author":6,"featured_media":0,"parent":6077,"menu_order":0,"comment_status":"closed","ping_status":"closed","template":"","meta":{"footnotes":""},"class_list":["post-6343","page","type-page","status-publish","hentry"],"_links":{"self":[{"href":"https:\/\/ambashgabat.esteri.it\/tk\/wp-json\/wp\/v2\/pages\/6343","targetHints":{"allow":["GET"]}}],"collection":[{"href":"https:\/\/ambashgabat.esteri.it\/tk\/wp-json\/wp\/v2\/pages"}],"about":[{"href":"https:\/\/ambashgabat.esteri.it\/tk\/wp-json\/wp\/v2\/types\/page"}],"author":[{"embeddable":true,"href":"https:\/\/ambashgabat.esteri.it\/tk\/wp-json\/wp\/v2\/users\/6"}],"replies":[{"embeddable":true,"href":"https:\/\/ambashgabat.esteri.it\/tk\/wp-json\/wp\/v2\/comments?post=6343"}],"version-history":[{"count":2,"href":"https:\/\/ambashgabat.esteri.it\/tk\/wp-json\/wp\/v2\/pages\/6343\/revisions"}],"predecessor-version":[{"id":6350,"href":"https:\/\/ambashgabat.esteri.it\/tk\/wp-json\/wp\/v2\/pages\/6343\/revisions\/6350"}],"up":[{"embeddable":true,"href":"https:\/\/ambashgabat.esteri.it\/tk\/wp-json\/wp\/v2\/pages\/6077"}],"wp:attachment":[{"href":"https:\/\/ambashgabat.esteri.it\/tk\/wp-json\/wp\/v2\/media?parent=6343"}],"curies":[{"name":"wp","href":"https:\/\/api.w.org\/{rel}","templated":true}]}}

&#8220;Izzat Kliçew we Italiýa&#8221; sergisiniň açylyş dabarasy

<p>&nbsp;</p>
<p><img loading="lazy" decoding="async" class="alignnone" src="https://ambashgabat.esteri.it/wp-content/uploads/2024/05/IMG-20240527-WA0004-1024x1024.jpg" alt="" width="408" height="408" /></p>
<p>Italiýanyň Türkmenistanda ilçihanasynyň açylmagynyň 10 ýyllygyny bellemek üçin 22-nji maýda Aşgabatdaky Milli şekillendiriş sungaty muzeýinde &#8220;Izzat Klyçew we Italiýa&#8221; sergisi açyldy.</p>
<p><span class="jCAhz ChMk0b"><span class="ryNqvb">Sergi Maestro Kliçewiň (1923-nji ýylyň 10-njy oktýabry &#8211; 2006-njy ýylyň 12-nji ýanwary) Italiýada işlän döwrüne bagyşlanýar. </span></span></p>
<p>Izzat Klyçev, halkara meşhur suratkeş, 1964 we 1972-nji ýyllarda Wenesiýa Biennalesine gatnaşmaga çagyryldy. 1960-njy we 1970-nji ýyllarda Italiýa saparynda döredilen eserleri, Italiýanyň binagärligini we tebigatynyň gözelligini we beýikligini beýan edip, Italiýa bilen Türkmenistan arasyndaky medeni alyş-çalyşyklary görkezýär.</p>
<p>&nbsp;</p>
<p><img loading="lazy" decoding="async" class="" src="https://ambashgabat.esteri.it/wp-content/uploads/2024/05/IMG-20240527-WA0000-768x1024.jpg" width="307" height="409" /><img loading="lazy" decoding="async" class="" src="https://ambashgabat.esteri.it/wp-content/uploads/2024/05/IMG-20240527-WA0003-768x1024.jpg" width="307" height="409" /></p>
<p>&nbsp;</p>
<p>&nbsp;</p>
<p>&nbsp;</p>
<p>&nbsp;</p>

&nbsp; Italiýanyň Türkmenistanda ilçihanasynyň açylmagynyň 10 ýyllygyny bellemek üçin 22-nji maýda Aşgabatdaky Milli şekillendiriş sungaty muzeýinde &#8220;Izzat Klyçew we Italiýa&#8221; sergisi açyldy. Sergi Maestro Kliçewiň (1923-nji ýylyň 10-njy oktýabry &#8211; 2006-njy ýylyň 12-nji ýanwary) Italiýada işlän döwrüne bagyşlanýar.  Izzat Klyçev, halkara meşhur suratkeş, 1964 we 1972-nji ýyllarda Wenesiýa Biennalesine gatnaşmaga çagyryldy. 1960-njy we 1970-nji ýyllarda [&hellip;]
