{"id":3831,"date":"2023-04-11T18:11:52","date_gmt":"2023-04-11T13:11:52","guid":{"rendered":"https:\/\/ambashgabat.esteri.it\/italia-e-turkmenistan\/cooperazione-allo-sviluppo\/"},"modified":"2025-05-01T15:03:04","modified_gmt":"2025-05-01T10:03:04","slug":"cooperazione-allo-sviluppo","status":"publish","type":"page","link":"https:\/\/ambashgabat.esteri.it\/tk\/italia-e-turkmenistan\/cooperazione-allo-sviluppo\/","title":{"rendered":"\u00d6s\u00fc\u015f hyzmatda\u015flygy"},"content":{"rendered":"<p><img loading=\"lazy\" decoding=\"async\" class=\"alignnone size-medium wp-image-820 img-fluid\" src=\"https:\/\/ambashgabat.esteri.it\/wp-content\/uploads\/2023\/12\/Turkmenistan-EU-300x225.jpg\" alt=\"\" width=\"300\" height=\"225\" srcset=\"https:\/\/ambashgabat.esteri.it\/wp-content\/uploads\/2023\/12\/Turkmenistan-EU-300x225.jpg 300w, https:\/\/ambashgabat.esteri.it\/wp-content\/uploads\/2023\/12\/Turkmenistan-EU-768x576.jpg 768w, https:\/\/ambashgabat.esteri.it\/wp-content\/uploads\/2023\/12\/Turkmenistan-EU.jpg 1024w\" sizes=\"auto, (max-width: 300px) 100vw, 300px\" \/><\/p>\n<p>T\u00fcrkmenistanda Itali\u00fdany\u0148 \u00f6s\u00fc\u015f hyzmatda\u015flygy hereket etme\u00fd\u00e4r.<\/p>\n<p>Hyzmatda\u015flyk \u00e7\u00e4releri \u00ddewropa Bilele\u015figini\u0148 T\u00fcrkmenistandaky wekili tarapyndan ge\u00e7iril\u00fd\u00e4r<\/p>\n<p>A\u015fakda web-sa\u00fdty\u0148 linki g\u00f6rkezil\u00fd\u00e4r<\/p>\n<p><a href=\"https:\/\/www.eeas.europa.eu\/turkmenistan\/european-union-and-turkmenistan_en?s=231\">https:\/\/www.eeas.europa.eu\/turkmenistan\/european-union-and-turkmenistan_en?s=231<\/a><\/p>\n<p>&nbsp;<\/p>\n","protected":false},"excerpt":{"rendered":"T\u00fcrkmenistanda Itali\u00fdany\u0148 \u00f6s\u00fc\u015f hyzmatda\u015flygy hereket etme\u00fd\u00e4r. Hyzmatda\u015flyk \u00e7\u00e4releri \u00ddewropa Bilele\u015figini\u0148 T\u00fcrkmenistandaky wekili tarapyndan ge\u00e7iril\u00fd\u00e4r A\u015fakda web-sa\u00fdty\u0148 linki g\u00f6rkezil\u00fd\u00e4r https:\/\/www.eeas.europa.eu\/turkmenistan\/european-union-and-turkmenistan_en?s=231 &nbsp;","protected":false},"author":1,"featured_media":0,"parent":3755,"menu_order":6,"comment_status":"closed","ping_status":"closed","template":"","meta":{"footnotes":""},"class_list":["post-3831","page","type-page","status-publish","hentry"],"_links":{"self":[{"href":"https:\/\/ambashgabat.esteri.it\/tk\/wp-json\/wp\/v2\/pages\/3831","targetHints":{"allow":["GET"]}}],"collection":[{"href":"https:\/\/ambashgabat.esteri.it\/tk\/wp-json\/wp\/v2\/pages"}],"about":[{"href":"https:\/\/ambashgabat.esteri.it\/tk\/wp-json\/wp\/v2\/types\/page"}],"author":[{"embeddable":true,"href":"https:\/\/ambashgabat.esteri.it\/tk\/wp-json\/wp\/v2\/users\/1"}],"replies":[{"embeddable":true,"href":"https:\/\/ambashgabat.esteri.it\/tk\/wp-json\/wp\/v2\/comments?post=3831"}],"version-history":[{"count":3,"href":"https:\/\/ambashgabat.esteri.it\/tk\/wp-json\/wp\/v2\/pages\/3831\/revisions"}],"predecessor-version":[{"id":8938,"href":"https:\/\/ambashgabat.esteri.it\/tk\/wp-json\/wp\/v2\/pages\/3831\/revisions\/8938"}],"up":[{"embeddable":true,"href":"https:\/\/ambashgabat.esteri.it\/tk\/wp-json\/wp\/v2\/pages\/3755"}],"wp:attachment":[{"href":"https:\/\/ambashgabat.esteri.it\/tk\/wp-json\/wp\/v2\/media?parent=3831"}],"curies":[{"name":"wp","href":"https:\/\/api.w.org\/{rel}","templated":true}]}}

Ösüş hyzmatdaşlygy

<p><img loading="lazy" decoding="async" class="alignnone size-medium wp-image-820 img-fluid" src="https://ambashgabat.esteri.it/wp-content/uploads/2023/12/Turkmenistan-EU-300x225.jpg" alt="" width="300" height="225" srcset="https://ambashgabat.esteri.it/wp-content/uploads/2023/12/Turkmenistan-EU-300x225.jpg 300w, https://ambashgabat.esteri.it/wp-content/uploads/2023/12/Turkmenistan-EU-768x576.jpg 768w, https://ambashgabat.esteri.it/wp-content/uploads/2023/12/Turkmenistan-EU.jpg 1024w" sizes="auto, (max-width: 300px) 100vw, 300px" /></p>
<p>Türkmenistanda Italiýanyň ösüş hyzmatdaşlygy hereket etmeýär.</p>
<p>Hyzmatdaşlyk çäreleri Ýewropa Bileleşiginiň Türkmenistandaky wekili tarapyndan geçirilýär</p>
<p>Aşakda web-saýtyň linki görkezilýär</p>
<p><a href="https://www.eeas.europa.eu/turkmenistan/european-union-and-turkmenistan_en?s=231">https://www.eeas.europa.eu/turkmenistan/european-union-and-turkmenistan_en?s=231</a></p>
<p>&nbsp;</p>

Türkmenistanda Italiýanyň ösüş hyzmatdaşlygy hereket etmeýär. Hyzmatdaşlyk çäreleri Ýewropa Bileleşiginiň Türkmenistandaky wekili tarapyndan geçirilýär Aşakda web-saýtyň linki görkezilýär https://www.eeas.europa.eu/turkmenistan/european-union-and-turkmenistan_en?s=231 &nbsp;
