{"id":4346,"date":"2025-01-30T17:32:15","date_gmt":"2025-01-30T12:32:15","guid":{"rendered":"https:\/\/ambashgabat.esteri.it\/?page_id=4346"},"modified":"2025-03-03T21:41:44","modified_gmt":"2025-03-03T16:41:44","slug":"xxiii-settimana-della-lingua-italiana-nel-mondo-italiano-e-sostenibilita","status":"publish","type":"page","link":"https:\/\/ambashgabat.esteri.it\/it\/chi-siamo\/la-sede\/eventi-svolti-nel-2023\/xxiii-settimana-della-lingua-italiana-nel-mondo-italiano-e-sostenibilita\/","title":{"rendered":"XXIII Settimana della Lingua Italiana nel Mondo: Italiano e sostenibilit\u00e0\u00a0"},"content":{"rendered":"<p><img loading=\"lazy\" decoding=\"async\" class=\"img-fluid wp-image-5537 \" src=\"https:\/\/ambashgabat.esteri.it\/wp-content\/uploads\/2025\/03\/IMG_2939-1-1024x1001.jpeg\" alt=\"\" width=\"356\" height=\"348\" \/>\u00a0 \u00a0 \u00a0 \u00a0 \u00a0 <img loading=\"lazy\" decoding=\"async\" class=\"img-fluid alignnone wp-image-5572 \" src=\"https:\/\/ambashgabat.esteri.it\/wp-content\/uploads\/2025\/03\/IMG_2932-1024x963.jpeg\" alt=\"\" width=\"271\" height=\"255\" srcset=\"https:\/\/ambashgabat.esteri.it\/wp-content\/uploads\/2025\/03\/IMG_2932-1024x963.jpeg 1024w, https:\/\/ambashgabat.esteri.it\/wp-content\/uploads\/2025\/03\/IMG_2932-300x282.jpeg 300w, https:\/\/ambashgabat.esteri.it\/wp-content\/uploads\/2025\/03\/IMG_2932-768x722.jpeg 768w, https:\/\/ambashgabat.esteri.it\/wp-content\/uploads\/2025\/03\/IMG_2932.jpeg 1179w\" sizes=\"auto, (max-width: 271px) 100vw, 271px\" \/><\/p>\n<p>In collaborazione con l&#8217;Universit\u00e0 Ca&#8217; Foscari \u00e8 stato realizzato in Turkmenistan un ambizioso programma di iniziative su &#8220;L&#8217;italiano e la sostenibilit\u00e0&#8221; nell&#8217;ambito della XXIII Settimana della Lingua Italiana nel Mondo. Assieme ai professori Fabrizio Marrella, Antonio Marcomini e Patricio Barbirotto si \u00e8 trattato del tema della sostenibilit\u00e0, di diritto internazionale e di come promuovere gli &#8220;obiettivi di sviluppo sostenibile&#8221; (SDG) attraverso la collaborazione tra istituzioni accademiche e societ\u00e0 civile.<\/p>\n<p>&nbsp;<\/p>\n<p><img loading=\"lazy\" decoding=\"async\" class=\"img-fluid wp-image-5527 \" src=\"https:\/\/ambashgabat.esteri.it\/wp-content\/uploads\/2025\/03\/IMG_2934-1024x996.jpeg\" alt=\"\" width=\"249\" height=\"242\" srcset=\"https:\/\/ambashgabat.esteri.it\/wp-content\/uploads\/2025\/03\/IMG_2934-1024x996.jpeg 1024w, https:\/\/ambashgabat.esteri.it\/wp-content\/uploads\/2025\/03\/IMG_2934-300x292.jpeg 300w, https:\/\/ambashgabat.esteri.it\/wp-content\/uploads\/2025\/03\/IMG_2934-768x747.jpeg 768w, https:\/\/ambashgabat.esteri.it\/wp-content\/uploads\/2025\/03\/IMG_2934.jpeg 1179w\" sizes=\"auto, (max-width: 249px) 100vw, 249px\" \/> <img loading=\"lazy\" decoding=\"async\" class=\"img-fluid wp-image-5549 \" src=\"https:\/\/ambashgabat.esteri.it\/wp-content\/uploads\/2025\/03\/IMG_2935-1024x989.jpeg\" alt=\"\" width=\"253\" height=\"244\" srcset=\"https:\/\/ambashgabat.esteri.it\/wp-content\/uploads\/2025\/03\/IMG_2935-1024x989.jpeg 1024w, https:\/\/ambashgabat.esteri.it\/wp-content\/uploads\/2025\/03\/IMG_2935-300x290.jpeg 300w, https:\/\/ambashgabat.esteri.it\/wp-content\/uploads\/2025\/03\/IMG_2935-768x742.jpeg 768w, https:\/\/ambashgabat.esteri.it\/wp-content\/uploads\/2025\/03\/IMG_2935.jpeg 1179w\" sizes=\"auto, (max-width: 253px) 100vw, 253px\" \/> <img loading=\"lazy\" decoding=\"async\" class=\"img-fluid wp-image-5561 \" src=\"https:\/\/ambashgabat.esteri.it\/wp-content\/uploads\/2025\/03\/IMG_2936-2-1024x999.jpeg\" alt=\"\" width=\"250\" height=\"244\" srcset=\"https:\/\/ambashgabat.esteri.it\/wp-content\/uploads\/2025\/03\/IMG_2936-2-1024x999.jpeg 1024w, https:\/\/ambashgabat.esteri.it\/wp-content\/uploads\/2025\/03\/IMG_2936-2-300x293.jpeg 300w, https:\/\/ambashgabat.esteri.it\/wp-content\/uploads\/2025\/03\/IMG_2936-2-768x749.jpeg 768w, https:\/\/ambashgabat.esteri.it\/wp-content\/uploads\/2025\/03\/IMG_2936-2.jpeg 1179w\" sizes=\"auto, (max-width: 250px) 100vw, 250px\" \/><\/p>\n<p>&nbsp;<\/p>\n<p>&nbsp;<\/p>\n<p>&nbsp;<\/p>\n","protected":false},"excerpt":{"rendered":"\u00a0 \u00a0 \u00a0 \u00a0 \u00a0 In collaborazione con l&#8217;Universit\u00e0 Ca&#8217; Foscari \u00e8 stato realizzato in Turkmenistan un ambizioso programma di iniziative su &#8220;L&#8217;italiano e la sostenibilit\u00e0&#8221; nell&#8217;ambito della XXIII Settimana della Lingua Italiana nel Mondo. Assieme ai professori Fabrizio Marrella, Antonio Marcomini e Patricio Barbirotto si \u00e8 trattato del tema della sostenibilit\u00e0, di diritto internazionale [&hellip;]","protected":false},"author":6,"featured_media":0,"parent":2328,"menu_order":0,"comment_status":"closed","ping_status":"closed","template":"","meta":{"footnotes":""},"class_list":["post-4346","page","type-page","status-publish","hentry"],"_links":{"self":[{"href":"https:\/\/ambashgabat.esteri.it\/it\/wp-json\/wp\/v2\/pages\/4346","targetHints":{"allow":["GET"]}}],"collection":[{"href":"https:\/\/ambashgabat.esteri.it\/it\/wp-json\/wp\/v2\/pages"}],"about":[{"href":"https:\/\/ambashgabat.esteri.it\/it\/wp-json\/wp\/v2\/types\/page"}],"author":[{"embeddable":true,"href":"https:\/\/ambashgabat.esteri.it\/it\/wp-json\/wp\/v2\/users\/6"}],"replies":[{"embeddable":true,"href":"https:\/\/ambashgabat.esteri.it\/it\/wp-json\/wp\/v2\/comments?post=4346"}],"version-history":[{"count":3,"href":"https:\/\/ambashgabat.esteri.it\/it\/wp-json\/wp\/v2\/pages\/4346\/revisions"}],"predecessor-version":[{"id":5584,"href":"https:\/\/ambashgabat.esteri.it\/it\/wp-json\/wp\/v2\/pages\/4346\/revisions\/5584"}],"up":[{"embeddable":true,"href":"https:\/\/ambashgabat.esteri.it\/it\/wp-json\/wp\/v2\/pages\/2328"}],"wp:attachment":[{"href":"https:\/\/ambashgabat.esteri.it\/it\/wp-json\/wp\/v2\/media?parent=4346"}],"curies":[{"name":"wp","href":"https:\/\/api.w.org\/{rel}","templated":true}]}}

XXIII Settimana della Lingua Italiana nel Mondo: Italiano e sostenibilità

<p><img loading="lazy" decoding="async" class="img-fluid wp-image-5537 " src="https://ambashgabat.esteri.it/wp-content/uploads/2025/03/IMG_2939-1-1024x1001.jpeg" alt="" width="356" height="348" />          <img loading="lazy" decoding="async" class="img-fluid alignnone wp-image-5572 " src="https://ambashgabat.esteri.it/wp-content/uploads/2025/03/IMG_2932-1024x963.jpeg" alt="" width="271" height="255" srcset="https://ambashgabat.esteri.it/wp-content/uploads/2025/03/IMG_2932-1024x963.jpeg 1024w, https://ambashgabat.esteri.it/wp-content/uploads/2025/03/IMG_2932-300x282.jpeg 300w, https://ambashgabat.esteri.it/wp-content/uploads/2025/03/IMG_2932-768x722.jpeg 768w, https://ambashgabat.esteri.it/wp-content/uploads/2025/03/IMG_2932.jpeg 1179w" sizes="auto, (max-width: 271px) 100vw, 271px" /></p>
<p>In collaborazione con l&#8217;Università Ca&#8217; Foscari è stato realizzato in Turkmenistan un ambizioso programma di iniziative su &#8220;L&#8217;italiano e la sostenibilità&#8221; nell&#8217;ambito della XXIII Settimana della Lingua Italiana nel Mondo. Assieme ai professori Fabrizio Marrella, Antonio Marcomini e Patricio Barbirotto si è trattato del tema della sostenibilità, di diritto internazionale e di come promuovere gli &#8220;obiettivi di sviluppo sostenibile&#8221; (SDG) attraverso la collaborazione tra istituzioni accademiche e società civile.</p>
<p>&nbsp;</p>
<p><img loading="lazy" decoding="async" class="img-fluid wp-image-5527 " src="https://ambashgabat.esteri.it/wp-content/uploads/2025/03/IMG_2934-1024x996.jpeg" alt="" width="249" height="242" srcset="https://ambashgabat.esteri.it/wp-content/uploads/2025/03/IMG_2934-1024x996.jpeg 1024w, https://ambashgabat.esteri.it/wp-content/uploads/2025/03/IMG_2934-300x292.jpeg 300w, https://ambashgabat.esteri.it/wp-content/uploads/2025/03/IMG_2934-768x747.jpeg 768w, https://ambashgabat.esteri.it/wp-content/uploads/2025/03/IMG_2934.jpeg 1179w" sizes="auto, (max-width: 249px) 100vw, 249px" /> <img loading="lazy" decoding="async" class="img-fluid wp-image-5549 " src="https://ambashgabat.esteri.it/wp-content/uploads/2025/03/IMG_2935-1024x989.jpeg" alt="" width="253" height="244" srcset="https://ambashgabat.esteri.it/wp-content/uploads/2025/03/IMG_2935-1024x989.jpeg 1024w, https://ambashgabat.esteri.it/wp-content/uploads/2025/03/IMG_2935-300x290.jpeg 300w, https://ambashgabat.esteri.it/wp-content/uploads/2025/03/IMG_2935-768x742.jpeg 768w, https://ambashgabat.esteri.it/wp-content/uploads/2025/03/IMG_2935.jpeg 1179w" sizes="auto, (max-width: 253px) 100vw, 253px" /> <img loading="lazy" decoding="async" class="img-fluid wp-image-5561 " src="https://ambashgabat.esteri.it/wp-content/uploads/2025/03/IMG_2936-2-1024x999.jpeg" alt="" width="250" height="244" srcset="https://ambashgabat.esteri.it/wp-content/uploads/2025/03/IMG_2936-2-1024x999.jpeg 1024w, https://ambashgabat.esteri.it/wp-content/uploads/2025/03/IMG_2936-2-300x293.jpeg 300w, https://ambashgabat.esteri.it/wp-content/uploads/2025/03/IMG_2936-2-768x749.jpeg 768w, https://ambashgabat.esteri.it/wp-content/uploads/2025/03/IMG_2936-2.jpeg 1179w" sizes="auto, (max-width: 250px) 100vw, 250px" /></p>
<p>&nbsp;</p>
<p>&nbsp;</p>
<p>&nbsp;</p>

In collaborazione con l&#8217;Università Ca&#8217; Foscari è stato realizzato in Turkmenistan un ambizioso programma di iniziative su &#8220;L&#8217;italiano e la sostenibilità&#8221; nell&#8217;ambito della XXIII Settimana della Lingua Italiana nel Mondo. Assieme ai professori Fabrizio Marrella, Antonio Marcomini e Patricio Barbirotto si è trattato del tema della sostenibilità, di diritto internazionale [&hellip;]
