{"id":2229,"date":"2024-03-04T10:45:57","date_gmt":"2024-03-04T05:45:57","guid":{"rendered":"https:\/\/ambashgabat.esteri.it\/?page_id=2229"},"modified":"2024-04-01T17:16:00","modified_gmt":"2024-04-01T12:16:00","slug":"incontri-bilaterali","status":"publish","type":"page","link":"https:\/\/ambashgabat.esteri.it\/it\/italia-e-turkmenistan\/rapporti-politici\/incontri-bilaterali\/","title":{"rendered":"Incontri e visite bilaterali"},"content":{"rendered":"<p>&nbsp;<\/p>\n<p><img loading=\"lazy\" decoding=\"async\" class=\"alignnone size-medium wp-image-2288 img-fluid\" src=\"https:\/\/ambashgabat.esteri.it\/wp-content\/uploads\/2024\/03\/628232.1573186212.b-300x206.jpg\" alt=\"\" width=\"300\" height=\"206\" srcset=\"https:\/\/ambashgabat.esteri.it\/wp-content\/uploads\/2024\/03\/628232.1573186212.b-300x206.jpg 300w, https:\/\/ambashgabat.esteri.it\/wp-content\/uploads\/2024\/03\/628232.1573186212.b-768x526.jpg 768w, https:\/\/ambashgabat.esteri.it\/wp-content\/uploads\/2024\/03\/628232.1573186212.b.jpg 800w\" sizes=\"auto, (max-width: 300px) 100vw, 300px\" \/><\/p>\n<p>Il <strong>20 marzo 2024<\/strong> a Roma si \u00e8 tenuto un incontro tra il Vice Presidente del Consiglio e Ministro Tajani con l\u2019omologo turkmeno Meredov, a coronamento di una visita a Roma del Ministero degli Esteri del Turkmenistan.\u00a0Entrambi hanno condiviso la soddisfazione per il positivo andamento delle relazioni bilaterali, in particolare nell&#8217;ambito economico e culturale-accademico-linguistico, in cui Meredov ha indicato la volont\u00e0 di consolidare ulteriormente il posto di primo piano che l\u2019Italia gi\u00e0 vanta per il Turkmenistan.<br \/>\nLe future collaborazioni potranno inoltre svilupparsi nei settori dell\u2019industria pesante, agroalimentare, oil&amp;gas, comunicazioni e aerospazio, infrastrutture e trasporti. Questi ultimi sono stati peraltro oggetto di due intese siglate da Meredov al Ministero delle Infrastrutture e dei Trasporti in tema ferroviario e marittimo.<\/p>\n<p>A fine <strong>aprile 2023<\/strong> si \u00e8 conclusa la missione in Turkmenistan del Prof. Romeo Orlandi (Special Ambassador per la candidatura di Roma ad ospitare l\u2019Esposizione Universale nel 2030).\u00a0Il programma della visita ha previsto colloqui ad alto livello istituzionale, coinvolgendo la Vice-Prima Ministra Mahrijemal Mamedova, il Ministro del Commercio Estero Begench Gochmollaiev e la Vice Ministra degli Affari Esteri Myahri Byashimova, nonch\u00e9 i vertici della Camera di Commercio e dell\u2019Unione degli industriali e degli imprenditori del Turkmenistan. Al centro degli incontri \u00e8 stata la promozione della candidatura di Roma ad ospitare EXPO 2030. \u00c8 stata inoltre confermata la disponibilit\u00e0 italiana ad ospitare a Roma nel 2025 una mostra di reperti archeologici provenienti dal Turkmenistan.<\/p>\n<p>Il <strong>7 luglio del 2021<\/strong> si \u00e8 tenuto, in formato video, una country presentation del Turkmenistan a favore delle imprese italiane. La delegazione turkmena era guidata dal Vice Ministro degli Esteri Vepa Hajiyev, mentre quella italiana dal Sottosegretario Di Stefano.<\/p>\n<p>Il <strong>3 settembre 2020<\/strong> si \u00e8 svolto, su richiesta turkmena, un colloquio telefonico del Presidente Mattarella con il suo omologo Berdimuhamedov.<\/p>\n<p>Il <strong>19 giugno 2020<\/strong> il Sottosegretario Di Stefano ha inaugurato un business forum informale in VTC che ha consentito di esaminare i progressi compiuti dalle intese sottoscritte in occasione della visita e di presentare alcuni esempi di successo e migliori pratiche di attivit\u00e0 che coinvolgono le PMI italiane in Turkmenistan.<\/p>\n<p>Il <strong>20 maggio 2020<\/strong> un colloquio telefonico del Sottosegretario Di Stefano con il Vice-Primo Ministro e Ministro degli Esteri, Meredov, ha consentito di riprendere le fila della cooperazione bilaterale e regionale interrotta dallo scoppio della pandemia, dato l\u2019interesse italiano ad assicurare alcuni effettivi seguiti visita di Berdimuhamedov a Roma nel novembre 2019.<\/p>\n<p>Il Turkmenistan ha partecipato a livello di Vice-Ministro degli Esteri alla Conferenza \u201cItalia e Asia Centrale: rafforzare la conoscenza reciproca, la cooperazione ed il partenariato\u201d, promossa dal Ministero degli Affari Esteri e della Cooperazione Internazionale, in collaborazione con l\u2019ISPI e svoltasi alla Farnesina il <strong>13 dicembre 2019<\/strong>.<\/p>\n<p>Il <strong>7 novembre 2019<\/strong> si \u00e8 svolta la visita ufficiale del Presidente Berdimuhamedov a Roma (accompagnato dal Vice Primo Ministro e Ministro degli Affari Esteri Meredov), per incontri con il Presidente Mattarella e il Presidente del Consiglio Conte. Il 6 novembre, in parallelo alla visita, ha avuto luogo a Milano un business forum, organizzato dall\u2019ICE, con una partecipazione ampia (cento imprese italiane e centotrentotto partecipanti nella delegazione turkmena).<\/p>\n<p>La visita del Presidente Berdimuhamedov si \u00e8 rivelata molto positiva, consentendo di discutere con le controparti italiane le principali tematiche del partenariato bilaterale e i temi di rilevanza regionale e internazionale (in particolare, connettivit\u00e0 della regione centrasiatica, Afghanistan, ruolo dell\u2019Italia in Asia Centrale). A conclusione della visita, sono state firmate 4 intese intergovernative (nei settori della Salute, Servizi aerei, Ambiente e Istruzione).<\/p>\n<p>Il <strong>27 marzo 2019<\/strong> si \u00e8 svolta la visita ad Ashgabat del Sottosegretario, On. Di Stefano, per incontri con il Vice-Primo Ministro e Ministro degli Esteri, Rashid Meredov, nonch\u00e9 con i Vice Primi Ministri al Commercio Chary Gylyjov, per l\u2019oil &amp; gas Myratgeldi Meredov e il Presidente dell\u2019Unione degli Industriali e degli Imprenditori del Turkmenistan, Dadayev.<\/p>\n<p>Per quanto concerne la collaborazione nel campo della difesa, il <strong>25 novembre 2015<\/strong>, l\u2019allora Ministro Pinotti ha incontrato a Roma il Generale Myrat Islamov, Capo dello State Border Service e Comandante delle Truppe di Frontiera del Turkmenistan. Il 29 marzo 2017 il Ministro della Difesa Berdiyev ha incontrato a Roma il Ministro Pinotti, con cui \u00e8 stato firmato l\u2019Accordo bilaterale di collaborazione nel settore della Difesa. Il 21 giugno 2017 si sono quindi svolti i primi staff talks bilaterali, seguiti da quelli svoltisi a Roma nel maggio 2019.<\/p>\n<p>A <strong>maggio 2015<\/strong> il Presidente del Turkmenistan, Gurbanguly Berdimuhamedov, ha visitato l\u2019Italia per l\u2019inaugurazione del padiglione nazionale turkmeno presso l\u2019Expo di Milano, incontrando a Roma il Presidente del Consiglio Renzi ed il Capo dello Stato Mattarella.<\/p>\n<p>Il <strong>18 novembre 2014<\/strong>, l\u2019allora Presidente del Consiglio, Matteo Renzi, accompagnato dall\u2019Amministratore Delegato dell\u2019ENI Claudio Descalzi, si \u00e8 recato ad Ashgabat per una breve visita di lavoro, durante la quale sono stati firmati accordi in campo energetico tra ENI e l\u2019Azienda di Stato turkmena per gli idrocarburi. Nel corso dei colloqui con il Presidente Berdymuhamedov, si \u00e8 convenuto sull\u2019opportunit\u00e0 di avviare un partenariato strategico tra i due Paesi in altri settori economici e commerciali, nonch\u00e9 in campo educativo, culturale e turistico.<\/p>\n<p>La missione del Presidente Renzi \u00e8 stata seguita dalle consultazioni politiche bilaterali tra l\u2019allora Vice Ministro Pistelli ed il Vice Ministro Myatiyev, che hanno avuto luogo il <strong>20 aprile 2015<\/strong> alla Farnesina e che, in un clima estremamente cordiale, hanno confermato il rilancio del dialogo politico bilaterale.<\/p>\n<p>A seguire, il Ministro delle Politiche Agricole, Alimentari e Forestali, Maurizio Martina, si \u00e8 recato ad Ashgabat il <strong>23 aprile 2015<\/strong>, alla guida di una delegazione di responsabili di aziende del settore agro-alimentare e delle principali associazioni di categoria. In tale occasione, il Ministro Martina ha incontrato il Presidente Berdymukhammedov, il Ministro degli Esteri Meredov, il Ministro dell\u2019Agricoltura Charlyiev, il Vice Primo Ministro con delega per il Commercio Taganov e il Vice Primo Ministro con delega per l\u2019Agricoltura Yazmuradov.<\/p>\n<p>&nbsp;<\/p>\n<p>&nbsp;<\/p>\n<p>&nbsp;<\/p>\n<p>&nbsp;<\/p>\n<p>&nbsp;<\/p>\n<p>&nbsp;<\/p>\n<p>&nbsp;<\/p>\n<p>&nbsp;<\/p>\n<p>&nbsp;<\/p>\n<p>&nbsp;<\/p>\n<p>&nbsp;<\/p>\n<p>&nbsp;<\/p>\n<p>Ultimo aggiornamento: 2 aprile 2024<\/p>\n","protected":false},"excerpt":{"rendered":"&nbsp; Il 20 marzo 2024 a Roma si \u00e8 tenuto un incontro tra il Vice Presidente del Consiglio e Ministro Tajani con l\u2019omologo turkmeno Meredov, a coronamento di una visita a Roma del Ministero degli Esteri del Turkmenistan.\u00a0Entrambi hanno condiviso la soddisfazione per il positivo andamento delle relazioni bilaterali, in particolare nell&#8217;ambito economico e culturale-accademico-linguistico, [&hellip;]","protected":false},"author":6,"featured_media":0,"parent":2075,"menu_order":2,"comment_status":"closed","ping_status":"closed","template":"","meta":{"footnotes":""},"class_list":["post-2229","page","type-page","status-publish","hentry"],"_links":{"self":[{"href":"https:\/\/ambashgabat.esteri.it\/it\/wp-json\/wp\/v2\/pages\/2229","targetHints":{"allow":["GET"]}}],"collection":[{"href":"https:\/\/ambashgabat.esteri.it\/it\/wp-json\/wp\/v2\/pages"}],"about":[{"href":"https:\/\/ambashgabat.esteri.it\/it\/wp-json\/wp\/v2\/types\/page"}],"author":[{"embeddable":true,"href":"https:\/\/ambashgabat.esteri.it\/it\/wp-json\/wp\/v2\/users\/6"}],"replies":[{"embeddable":true,"href":"https:\/\/ambashgabat.esteri.it\/it\/wp-json\/wp\/v2\/comments?post=2229"}],"version-history":[{"count":6,"href":"https:\/\/ambashgabat.esteri.it\/it\/wp-json\/wp\/v2\/pages\/2229\/revisions"}],"predecessor-version":[{"id":2486,"href":"https:\/\/ambashgabat.esteri.it\/it\/wp-json\/wp\/v2\/pages\/2229\/revisions\/2486"}],"up":[{"embeddable":true,"href":"https:\/\/ambashgabat.esteri.it\/it\/wp-json\/wp\/v2\/pages\/2075"}],"wp:attachment":[{"href":"https:\/\/ambashgabat.esteri.it\/it\/wp-json\/wp\/v2\/media?parent=2229"}],"curies":[{"name":"wp","href":"https:\/\/api.w.org\/{rel}","templated":true}]}}

<p>&nbsp;</p>
<p><img loading="lazy" decoding="async" class="alignnone size-medium wp-image-2288 img-fluid" src="https://ambashgabat.esteri.it/wp-content/uploads/2024/03/628232.1573186212.b-300x206.jpg" alt="" width="300" height="206" srcset="https://ambashgabat.esteri.it/wp-content/uploads/2024/03/628232.1573186212.b-300x206.jpg 300w, https://ambashgabat.esteri.it/wp-content/uploads/2024/03/628232.1573186212.b-768x526.jpg 768w, https://ambashgabat.esteri.it/wp-content/uploads/2024/03/628232.1573186212.b.jpg 800w" sizes="auto, (max-width: 300px) 100vw, 300px" /></p>
<p>Il <strong>20 marzo 2024</strong> a Roma si è tenuto un incontro tra il Vice Presidente del Consiglio e Ministro Tajani con l’omologo turkmeno Meredov, a coronamento di una visita a Roma del Ministero degli Esteri del Turkmenistan. Entrambi hanno condiviso la soddisfazione per il positivo andamento delle relazioni bilaterali, in particolare nell&#8217;ambito economico e culturale-accademico-linguistico, in cui Meredov ha indicato la volontà di consolidare ulteriormente il posto di primo piano che l’Italia già vanta per il Turkmenistan.<br />
Le future collaborazioni potranno inoltre svilupparsi nei settori dell’industria pesante, agroalimentare, oil&amp;gas, comunicazioni e aerospazio, infrastrutture e trasporti. Questi ultimi sono stati peraltro oggetto di due intese siglate da Meredov al Ministero delle Infrastrutture e dei Trasporti in tema ferroviario e marittimo.</p>
<p>A fine <strong>aprile 2023</strong> si è conclusa la missione in Turkmenistan del Prof. Romeo Orlandi (Special Ambassador per la candidatura di Roma ad ospitare l’Esposizione Universale nel 2030). Il programma della visita ha previsto colloqui ad alto livello istituzionale, coinvolgendo la Vice-Prima Ministra Mahrijemal Mamedova, il Ministro del Commercio Estero Begench Gochmollaiev e la Vice Ministra degli Affari Esteri Myahri Byashimova, nonché i vertici della Camera di Commercio e dell’Unione degli industriali e degli imprenditori del Turkmenistan. Al centro degli incontri è stata la promozione della candidatura di Roma ad ospitare EXPO 2030. È stata inoltre confermata la disponibilità italiana ad ospitare a Roma nel 2025 una mostra di reperti archeologici provenienti dal Turkmenistan.</p>
<p>Il <strong>7 luglio del 2021</strong> si è tenuto, in formato video, una country presentation del Turkmenistan a favore delle imprese italiane. La delegazione turkmena era guidata dal Vice Ministro degli Esteri Vepa Hajiyev, mentre quella italiana dal Sottosegretario Di Stefano.</p>
<p>Il <strong>3 settembre 2020</strong> si è svolto, su richiesta turkmena, un colloquio telefonico del Presidente Mattarella con il suo omologo Berdimuhamedov.</p>
<p>Il <strong>19 giugno 2020</strong> il Sottosegretario Di Stefano ha inaugurato un business forum informale in VTC che ha consentito di esaminare i progressi compiuti dalle intese sottoscritte in occasione della visita e di presentare alcuni esempi di successo e migliori pratiche di attività che coinvolgono le PMI italiane in Turkmenistan.</p>
<p>Il <strong>20 maggio 2020</strong> un colloquio telefonico del Sottosegretario Di Stefano con il Vice-Primo Ministro e Ministro degli Esteri, Meredov, ha consentito di riprendere le fila della cooperazione bilaterale e regionale interrotta dallo scoppio della pandemia, dato l’interesse italiano ad assicurare alcuni effettivi seguiti visita di Berdimuhamedov a Roma nel novembre 2019.</p>
<p>Il Turkmenistan ha partecipato a livello di Vice-Ministro degli Esteri alla Conferenza “Italia e Asia Centrale: rafforzare la conoscenza reciproca, la cooperazione ed il partenariato”, promossa dal Ministero degli Affari Esteri e della Cooperazione Internazionale, in collaborazione con l’ISPI e svoltasi alla Farnesina il <strong>13 dicembre 2019</strong>.</p>
<p>Il <strong>7 novembre 2019</strong> si è svolta la visita ufficiale del Presidente Berdimuhamedov a Roma (accompagnato dal Vice Primo Ministro e Ministro degli Affari Esteri Meredov), per incontri con il Presidente Mattarella e il Presidente del Consiglio Conte. Il 6 novembre, in parallelo alla visita, ha avuto luogo a Milano un business forum, organizzato dall’ICE, con una partecipazione ampia (cento imprese italiane e centotrentotto partecipanti nella delegazione turkmena).</p>
<p>La visita del Presidente Berdimuhamedov si è rivelata molto positiva, consentendo di discutere con le controparti italiane le principali tematiche del partenariato bilaterale e i temi di rilevanza regionale e internazionale (in particolare, connettività della regione centrasiatica, Afghanistan, ruolo dell’Italia in Asia Centrale). A conclusione della visita, sono state firmate 4 intese intergovernative (nei settori della Salute, Servizi aerei, Ambiente e Istruzione).</p>
<p>Il <strong>27 marzo 2019</strong> si è svolta la visita ad Ashgabat del Sottosegretario, On. Di Stefano, per incontri con il Vice-Primo Ministro e Ministro degli Esteri, Rashid Meredov, nonché con i Vice Primi Ministri al Commercio Chary Gylyjov, per l’oil &amp; gas Myratgeldi Meredov e il Presidente dell’Unione degli Industriali e degli Imprenditori del Turkmenistan, Dadayev.</p>
<p>Per quanto concerne la collaborazione nel campo della difesa, il <strong>25 novembre 2015</strong>, l’allora Ministro Pinotti ha incontrato a Roma il Generale Myrat Islamov, Capo dello State Border Service e Comandante delle Truppe di Frontiera del Turkmenistan. Il 29 marzo 2017 il Ministro della Difesa Berdiyev ha incontrato a Roma il Ministro Pinotti, con cui è stato firmato l’Accordo bilaterale di collaborazione nel settore della Difesa. Il 21 giugno 2017 si sono quindi svolti i primi staff talks bilaterali, seguiti da quelli svoltisi a Roma nel maggio 2019.</p>
<p>A <strong>maggio 2015</strong> il Presidente del Turkmenistan, Gurbanguly Berdimuhamedov, ha visitato l’Italia per l’inaugurazione del padiglione nazionale turkmeno presso l’Expo di Milano, incontrando a Roma il Presidente del Consiglio Renzi ed il Capo dello Stato Mattarella.</p>
<p>Il <strong>18 novembre 2014</strong>, l’allora Presidente del Consiglio, Matteo Renzi, accompagnato dall’Amministratore Delegato dell’ENI Claudio Descalzi, si è recato ad Ashgabat per una breve visita di lavoro, durante la quale sono stati firmati accordi in campo energetico tra ENI e l’Azienda di Stato turkmena per gli idrocarburi. Nel corso dei colloqui con il Presidente Berdymuhamedov, si è convenuto sull’opportunità di avviare un partenariato strategico tra i due Paesi in altri settori economici e commerciali, nonché in campo educativo, culturale e turistico.</p>
<p>La missione del Presidente Renzi è stata seguita dalle consultazioni politiche bilaterali tra l’allora Vice Ministro Pistelli ed il Vice Ministro Myatiyev, che hanno avuto luogo il <strong>20 aprile 2015</strong> alla Farnesina e che, in un clima estremamente cordiale, hanno confermato il rilancio del dialogo politico bilaterale.</p>
<p>A seguire, il Ministro delle Politiche Agricole, Alimentari e Forestali, Maurizio Martina, si è recato ad Ashgabat il <strong>23 aprile 2015</strong>, alla guida di una delegazione di responsabili di aziende del settore agro-alimentare e delle principali associazioni di categoria. In tale occasione, il Ministro Martina ha incontrato il Presidente Berdymukhammedov, il Ministro degli Esteri Meredov, il Ministro dell’Agricoltura Charlyiev, il Vice Primo Ministro con delega per il Commercio Taganov e il Vice Primo Ministro con delega per l’Agricoltura Yazmuradov.</p>
<p>&nbsp;</p>
<p>&nbsp;</p>
<p>&nbsp;</p>
<p>&nbsp;</p>
<p>&nbsp;</p>
<p>&nbsp;</p>
<p>&nbsp;</p>
<p>&nbsp;</p>
<p>&nbsp;</p>
<p>&nbsp;</p>
<p>&nbsp;</p>
<p>&nbsp;</p>
<p>Ultimo aggiornamento: 2 aprile 2024</p>

&nbsp; Il 20 marzo 2024 a Roma si è tenuto un incontro tra il Vice Presidente del Consiglio e Ministro Tajani con l’omologo turkmeno Meredov, a coronamento di una visita a Roma del Ministero degli Esteri del Turkmenistan. Entrambi hanno condiviso la soddisfazione per il positivo andamento delle relazioni bilaterali, in particolare nell&#8217;ambito economico e culturale-accademico-linguistico, [&hellip;]
