{"id":2075,"date":"2024-01-16T16:23:09","date_gmt":"2024-01-16T11:23:09","guid":{"rendered":"https:\/\/ambashgabat.esteri.it\/?page_id=2075"},"modified":"2025-01-09T18:49:05","modified_gmt":"2025-01-09T13:49:05","slug":"rapporti-politici","status":"publish","type":"page","link":"https:\/\/ambashgabat.esteri.it\/it\/italia-e-turkmenistan\/rapporti-politici\/","title":{"rendered":"Rapporti politici"},"content":{"rendered":"<p>&nbsp;<\/p>\n<p><img loading=\"lazy\" decoding=\"async\" class=\"img-fluid alignnone wp-image-2482 size-medium\" src=\"https:\/\/ambashgabat.esteri.it\/wp-content\/uploads\/2024\/04\/20240329_120940-300x169.jpg\" alt=\"Serdar e Gurbanguly Berdimuhamedov\" width=\"300\" height=\"169\" srcset=\"https:\/\/ambashgabat.esteri.it\/wp-content\/uploads\/2024\/04\/20240329_120940-300x169.jpg 300w, https:\/\/ambashgabat.esteri.it\/wp-content\/uploads\/2024\/04\/20240329_120940-1024x576.jpg 1024w, https:\/\/ambashgabat.esteri.it\/wp-content\/uploads\/2024\/04\/20240329_120940-768x432.jpg 768w, https:\/\/ambashgabat.esteri.it\/wp-content\/uploads\/2024\/04\/20240329_120940.jpg 1920w\" sizes=\"auto, (max-width: 300px) 100vw, 300px\" \/><\/p>\n<p>Il Turkmenistan ha dichiarato la propria indipendenza dall\u2019ex URSS il 27 ottobre del 1991. Il suo primo Presidente \u00e8 stato Saparmurad Nyazov, chiamato anche \u201cTurkmenbashi\u201d (Padre dei Turkmeni). Alla sua morte nel 2006 gli \u00e8 succeduto Gurbanguly Berdimuhamedov, mentre Serdar Berdimuhamedov da marzo 2022 \u00e8 l\u2019attuale Presidente del Turkmenistan.<\/p>\n<p>L\u2019Italia ha avviato le relazioni diplomatiche con il Turkmenistan con il Protocollo firmato a Mosca il 9 giugno del 1992, tra i soli cinque paesi europei ad aver aperto \u2013 il 2 dicembre 2013 &#8211; un&#8217;ambasciata in Turkmenistan. La decisione \u00e8 stata reciprocata dalla controparte all\u2019inizio del 2017 con l\u2019inaugurazione di un\u2019Ambasciata turkmena in Italia, alla guida della quale vi \u00e8 l\u2019ambasciatore Toyly Komekov da gennaio 2020.<\/p>\n<p>Italia e Turkmenistan presentano punti di vista convergenti su molti temi di politica estera in discussione in diversi fori internazionali (Agenzie dell\u2019ONU). L\u2019Italia apprezza in particolare lo status di neutralit\u00e0 permanente del Turkmenistan riconosciuto a livello internazionale con Risoluzioni delle Nazioni Unite, cos\u00ec come \u00e8 positivamente considerata dal governo turkmeno la politica estera imperniata sul dialogo e la soluzione diplomatica delle controversie adottata dal Governo italiano. I due Paesi si sostengono reciprocamente in occasione di rispettive candidature presso organismi internazionali.<br \/>\nOltre che sul piano bilaterale, l\u2019evoluzione dei rapporti italo-turkmeni si dispiega anche attraverso l\u2019operato delle diverse agenzie internazionali (UNDP, OSCE, UNICEF, BERS, etc.) presenti sul territorio del Turkmenistan. Principale attivit\u00e0 di tale folto gruppo di enti internazionali \u00e8 assistere il Paese nel processo verso la democratizzazione politica e l\u2019economia di mercato.<\/p>\n<p>&nbsp;<\/p>\n<p>&nbsp;<\/p>\n<p>&nbsp;<\/p>\n<p>&nbsp;<\/p>\n<p>Ultimo aggiornamento: 2 aprile 2024<\/p>\n","protected":false},"excerpt":{"rendered":"&nbsp; Il Turkmenistan ha dichiarato la propria indipendenza dall\u2019ex URSS il 27 ottobre del 1991. Il suo primo Presidente \u00e8 stato Saparmurad Nyazov, chiamato anche \u201cTurkmenbashi\u201d (Padre dei Turkmeni). Alla sua morte nel 2006 gli \u00e8 succeduto Gurbanguly Berdimuhamedov, mentre Serdar Berdimuhamedov da marzo 2022 \u00e8 l\u2019attuale Presidente del Turkmenistan. L\u2019Italia ha avviato le relazioni [&hellip;]","protected":false},"author":6,"featured_media":0,"parent":14,"menu_order":0,"comment_status":"closed","ping_status":"closed","template":"","meta":{"footnotes":""},"class_list":["post-2075","page","type-page","status-publish","hentry"],"_links":{"self":[{"href":"https:\/\/ambashgabat.esteri.it\/it\/wp-json\/wp\/v2\/pages\/2075","targetHints":{"allow":["GET"]}}],"collection":[{"href":"https:\/\/ambashgabat.esteri.it\/it\/wp-json\/wp\/v2\/pages"}],"about":[{"href":"https:\/\/ambashgabat.esteri.it\/it\/wp-json\/wp\/v2\/types\/page"}],"author":[{"embeddable":true,"href":"https:\/\/ambashgabat.esteri.it\/it\/wp-json\/wp\/v2\/users\/6"}],"replies":[{"embeddable":true,"href":"https:\/\/ambashgabat.esteri.it\/it\/wp-json\/wp\/v2\/comments?post=2075"}],"version-history":[{"count":6,"href":"https:\/\/ambashgabat.esteri.it\/it\/wp-json\/wp\/v2\/pages\/2075\/revisions"}],"predecessor-version":[{"id":3310,"href":"https:\/\/ambashgabat.esteri.it\/it\/wp-json\/wp\/v2\/pages\/2075\/revisions\/3310"}],"up":[{"embeddable":true,"href":"https:\/\/ambashgabat.esteri.it\/it\/wp-json\/wp\/v2\/pages\/14"}],"wp:attachment":[{"href":"https:\/\/ambashgabat.esteri.it\/it\/wp-json\/wp\/v2\/media?parent=2075"}],"curies":[{"name":"wp","href":"https:\/\/api.w.org\/{rel}","templated":true}]}}

<p>&nbsp;</p>
<p><img loading="lazy" decoding="async" class="img-fluid alignnone wp-image-2482 size-medium" src="https://ambashgabat.esteri.it/wp-content/uploads/2024/04/20240329_120940-300x169.jpg" alt="Serdar e Gurbanguly Berdimuhamedov" width="300" height="169" srcset="https://ambashgabat.esteri.it/wp-content/uploads/2024/04/20240329_120940-300x169.jpg 300w, https://ambashgabat.esteri.it/wp-content/uploads/2024/04/20240329_120940-1024x576.jpg 1024w, https://ambashgabat.esteri.it/wp-content/uploads/2024/04/20240329_120940-768x432.jpg 768w, https://ambashgabat.esteri.it/wp-content/uploads/2024/04/20240329_120940.jpg 1920w" sizes="auto, (max-width: 300px) 100vw, 300px" /></p>
<p>Il Turkmenistan ha dichiarato la propria indipendenza dall’ex URSS il 27 ottobre del 1991. Il suo primo Presidente è stato Saparmurad Nyazov, chiamato anche “Turkmenbashi” (Padre dei Turkmeni). Alla sua morte nel 2006 gli è succeduto Gurbanguly Berdimuhamedov, mentre Serdar Berdimuhamedov da marzo 2022 è l’attuale Presidente del Turkmenistan.</p>
<p>L’Italia ha avviato le relazioni diplomatiche con il Turkmenistan con il Protocollo firmato a Mosca il 9 giugno del 1992, tra i soli cinque paesi europei ad aver aperto – il 2 dicembre 2013 &#8211; un&#8217;ambasciata in Turkmenistan. La decisione è stata reciprocata dalla controparte all’inizio del 2017 con l’inaugurazione di un’Ambasciata turkmena in Italia, alla guida della quale vi è l’ambasciatore Toyly Komekov da gennaio 2020.</p>
<p>Italia e Turkmenistan presentano punti di vista convergenti su molti temi di politica estera in discussione in diversi fori internazionali (Agenzie dell’ONU). L’Italia apprezza in particolare lo status di neutralità permanente del Turkmenistan riconosciuto a livello internazionale con Risoluzioni delle Nazioni Unite, così come è positivamente considerata dal governo turkmeno la politica estera imperniata sul dialogo e la soluzione diplomatica delle controversie adottata dal Governo italiano. I due Paesi si sostengono reciprocamente in occasione di rispettive candidature presso organismi internazionali.<br />
Oltre che sul piano bilaterale, l’evoluzione dei rapporti italo-turkmeni si dispiega anche attraverso l’operato delle diverse agenzie internazionali (UNDP, OSCE, UNICEF, BERS, etc.) presenti sul territorio del Turkmenistan. Principale attività di tale folto gruppo di enti internazionali è assistere il Paese nel processo verso la democratizzazione politica e l’economia di mercato.</p>
<p>&nbsp;</p>
<p>&nbsp;</p>
<p>&nbsp;</p>
<p>&nbsp;</p>
<p>Ultimo aggiornamento: 2 aprile 2024</p>

&nbsp; Il Turkmenistan ha dichiarato la propria indipendenza dall’ex URSS il 27 ottobre del 1991. Il suo primo Presidente è stato Saparmurad Nyazov, chiamato anche “Turkmenbashi” (Padre dei Turkmeni). Alla sua morte nel 2006 gli è succeduto Gurbanguly Berdimuhamedov, mentre Serdar Berdimuhamedov da marzo 2022 è l’attuale Presidente del Turkmenistan. L’Italia ha avviato le relazioni [&hellip;]
